. Let z(b) = b**3 + 4*b**2 + 2. Let g be z(-4). Let c be g + (-3 - -11*3). What is the highest common factor of c and w?
4
Let g(s) = 32*s - 8. Let j be g(5). Suppose w - 4*r = 23, 3*r = -2*w + w + 16. Calculate the greatest common divisor of j and w.
19
Let l(n) = 175*n**2 + 1. Let o be l(1). Let y be (-26)/39 - ((-544)/6)/4. Calculate the greatest common divisor of y and o.
22
Suppose -868*k = -859*k - 1332. Calculate the highest common divisor of k and 3996.
148
Let i be ((-2)/(0 - 1))/((-2)/248). Suppose b = -5*h + 2*h + 398, -741 = -2*b + 5*h. Let t = b + i. Calculate the greatest common divisor of 27 and t.
27
Suppose -4*x = 2*s - 12, -31*s + 4*x = -30*s + 6. Let y be 1/1*(3 + -10). Let o = -5 - y. What is the greatest common divisor of s and o?
2
Suppose 6 - 9 = z. Let l be 38*2*z/(-12). What is the highest common divisor of 152 and l?
19
Suppose -2*w = -5*w + 12. Let t(r) = r**2 + 3*r + 4. Let l be t(-3). What is the highest common divisor of l and w?
4
Suppose -3*w = b - 1366, 2*w - 4*b = -w + 1346. Let d = w - 91. What is the highest common divisor of 33 and d?
33
Let u = -461 - -951. What is the greatest common factor of 35 and u?
35
Suppose -8*z = 157 - 1213. What is the greatest common divisor of 1089 and z?
33
Let b be 10*((-8)/40 - -1). What is the highest common divisor of b and 1408?
8
Let s be -57*(-2 - (-4)/(-6)). What is the highest common divisor of s and 19?
19
Let x = 127 - 42. Let w = -23 + x. Suppose 18 = 5*k - w. What is the highest common factor of 40 and k?
8
Let y be 1/4*-4*-2. Calculate the greatest common divisor of 54 and y.
2
Suppose -3*w - 3*g + 5*g = -3, 0 = -5*w - 2*g + 5. Let s = -34 - -35. What is the highest common divisor of s and w?
1
Let r = 1471 - 1414. What is the highest common divisor of r and 3?
3
Suppose -5*c = 5*q - 135, q - 1 = 2*c - 46. Let g be (-1)/((10/24)/(-5)). Calculate the greatest common factor of c and g.
12
Suppose -4*g = 1 - 9. Suppose 4*y = 5*h + 6 - 792, 0 = h + g*y - 146. What is the highest common divisor of h and 14?
14
Let x be ((-360)/(-21))/(2/14). Let o = x + 168. Calculate the highest common factor of o and 32.
32
Let u(y) = y + 123. Let f be u(30). Calculate the greatest common factor of 17 and f.
17
Let f be (142/(-4))/((-8145)/(-480) + -17). Calculate the greatest common divisor of f and 16.
16
Let p = -73 - -52. Suppose -2*k + 6*k = 180. Let n = p + k. Calculate the greatest common divisor of 6 and n.
6
Let x be 30/(-24) - 610/(-8). Calculate the greatest common factor of x and 800.
25
Let x be ((-1)/2)/((6/(-124))/3). Suppose 28 + 437 = 3*s. Calculate the greatest common divisor of s and x.
31
Let v be (0/(-9) - -4)*(-46)/(-8). What is the highest common factor of v and 1?
1
Suppose 0 = -10*x + 8*x + 280. Let h = -6 + 3. Let f be (-2)/h - 498/(-9). Calculate the greatest common divisor of f and x.
28
Let d = 71 + -37. Let k = 117 - 66. Calculate the greatest common divisor of k and d.
17
Suppose -393 = -10*b - 83. What is the highest common factor of 1457 and b?
31
Let i = -718 + 1178. Calculate the greatest common factor of i and 5.
5
Let t(f) = 38*f - 2. Let n(l) = l + 1. Let d(y) = -3*n(y) - t(y). Let w be d(-1). Let m = -25 + w. Calculate the highest common divisor of 6 and m.
3
Let l(w) = 12*w + 19. Let q be l(21). Suppose -3*p - q = -4*u + 2*u, 123 = u + p. Calculate the greatest common divisor of u and 16.
16
Let c = -269 - -353. What is the greatest common factor of 1932 and c?
84
Suppose 4*n + 6 = 3*h, 2*n - 2 = h - 4. Let z be 28 + (-9)/(-15)*(-60)/6. Calculate the greatest common divisor of z and h.
2
Let l(w) = 3*w**3 - w**2 - 2*w + 1. Let q be l(2). Let d be (3 + (-14)/4)*30/1. Let z be 514/6 + 10/d. What is the highest common factor of z and q?
17
Let j be (-48)/(-2) + 73 + -79. Let f(m) = -m**3 - 11*m**2 - 15. Let d be f(-11). Let b = d + 60. Calculate the greatest common divisor of j and b.
9
Suppose -172*p = -14797 + 5165. Suppose 226 = 4*v - 3*k + 5*k, -2*v = -5*k - 107. What is the highest common factor of p and v?
56
Suppose -185*g - 5355 = -200*g. What is the greatest common divisor of g and 408?
51
Let b(a) = -2*a**3 - 6*a**2 + 6*a + 14. Let q be b(-4). Suppose -s + 394 = s. Let g = s - 21. Calculate the highest common factor of g and q.
22
Let j = 3 - -1. Let r be (-14)/(-4) - 2/j. What is the greatest common divisor of 5 and r?
1
Let u = -10 + 12. Let j be 2/12*-2*0. Suppose m - 5 = j, 2*m = u*k - 6*k + 42. What is the greatest common factor of 24 and k?
8
Let z be 44 + -3*(-5)/((-15)/2). What is the highest common factor of 21 and z?
21
Suppose 134*m - 136*m + 168 = 0. Calculate the highest common divisor of 5124 and m.
84
Suppose -4*d + 0*d = 4*x + 564, 3*d = x + 137. Let n be x/8*10/(-1). What is the greatest common divisor of 35 and n?
35
Suppose -n - 3*n + 20 = 0. Let p = 0 + n. Calculate the highest common factor of 2 and p.
1
Suppose 0*n + 5 = -5*n, -3*n - 83 = 5*u. Let m(k) = k**2 + 17*k - 27. Let g be m(u). Let v = 87 + g. Calculate the greatest common factor of 11 and v.
11
Let j be (-12)/(-5)*(-200)/(-16). What is the highest common factor of j and 405?
15
Let m(b) = b**2 - 1. Let a be m(0). Let f(g) = 45*g + 1. Let h(s) = -1. Let u(w) = -f(w) - h(w). Let q be u(a). What is the greatest common factor of 15 and q?
15
Suppose 5*u - 50 = 5*y, 5 = -0*y + 5*y. Suppose -140 = -13*g + u*g. What is the greatest common divisor of 20 and g?
10
Let a = 12084 - 12066. Suppose 5*s - 5*d - 985 = 0, 195 = 6*s - 5*s - 3*d. Calculate the highest common factor of s and a.
18
Suppose 14*x = 13*x + 632. Calculate the highest common divisor of 16 and x.
8
Suppose -2*t = -5*y - 5*t + 65, -5*t = 2*y - 26. Suppose y = -2*x + 65. What is the highest common divisor of x and 52?
26
Suppose -45 = -3*o - 3*t, -5*o + 0*t = -t - 45. Let a(r) = -r**2 - 2*r + 40. Let f be a(-5). Calculate the greatest common factor of f and o.
5
Let m = 1594 - 1384. Calculate the greatest common divisor of 90 and m.
30
Let x be 2/(-3) - 34/(-6). Let q = -7414 + 7415. Calculate the greatest common factor of x and q.
1
Suppose -33 - 65 = -2*w. Suppose 89 = 5*o + w. Let a be (-11*3 + 1)*-1. What is the greatest common divisor of o and a?
8
Suppose -2*v - 4*q = 9 + 1, v - q - 10 = 0. Suppose -z - 37 + 6 = -p, -3*p + 85 = v*z. Calculate the highest common factor of p and 10.
10
Suppose -6 = 5*y - 4*q - 52, 4*q = -2*y - 4. Let n be (-2 + (1 - -2))*2. Suppose -n*w + 10 + 2 = 0. What is the highest common factor of w and y?
6
Let t be 332/(-166) - -12*(-70)/(-4). What is the highest common factor of t and 16?
16
Suppose 2*w + 552 = 2*u, 5*u = w + 1755 - 359. Suppose 3*p + b = 2*p + 37, -b = 4*p - 142. Calculate the greatest common divisor of u and p.
35
Suppose 15*k - 14*k = -4*g - 2, k = 4*g + 38. Calculate the highest common divisor of k and 198.
18
Let j = 72 - 39. Suppose 0 = 2*h - 7*h + 30. Let t(m) = 2*m - 9. Let z be t(h). Calculate the greatest common factor of j and z.
3
Suppose -2*y + 37 = x, y + 23 + 71 = 2*x. Let q be 3/(x/40)*6. Calculate the highest common factor of 48 and q.
16
Let m be (1/2)/(-1) - 219/(-6). Calculate the greatest common factor of 270 and m.
18
Let t(u) = 2*u**2. Let o be t(1). Suppose 0 = o*a - 4*a + 196. What is the greatest common factor of a and 14?
14
Let p = -93 - -95. Suppose -2*w + 5*n = -31, 9*w - 37 = 6*w - p*n. What is the greatest common factor of w and 65?
13
Let b = 3087 - 2934. Let h(w) = 3*w - 6. Let k be h(5). What is the greatest common divisor of b and k?
9
Let d = 14817 - 14754. Let w = -4 - -13. Suppose -5*p = -2*r + 4*r - 39, 2*r = p + w. What is the highest common divisor of d and r?
7
Suppose 2*z + 2*z = 4, -4*i + 2*z - 34 = 0. Let p(s) = -s**3 - 8*s**2 - 18*s + 9. Let t be p(i). What is the highest common divisor of 9 and t?
9
Suppose -9 = 3*q, 4*q + q - 3793 = -4*d. What is the greatest common factor of 56 and d?
56
Let l(f) = 37*f + 14. Let n be l(-4). Let c = n + 270. Calculate the greatest common factor of c and 17.
17
Let x be 68/18 + (-4)/(-18). Let z(n) = -n**2 - 2*n**3 - 2*n**2 - 2*n**3. Let q be z(-2). Calculate the greatest common divisor of q and x.
4
Suppose 2*r - 622 = -3*b - 178, 5*r + 4*b - 1110 = 0. What is the highest common divisor of 4 and r?
2
Suppose 0 = p + 4, 2*m - 20*p - 38 = -16*p. What is the highest co